ommon factor of 3765864 and 12.
12
Calculate the greatest common factor of 6475 and 324675.
925
What is the highest common factor of 56 and 593152?
56
Calculate the highest common factor of 12807 and 99.
9
What is the highest common factor of 5 and 1146?
1
What is the highest common factor of 57 and 540?
3
Calculate the highest common factor of 459 and 2511.
27
What is the greatest common divisor of 188 and 2036?
4
What is the greatest common divisor of 91 and 400153?
13
Calculate the greatest common factor of 166109 and 129.
43
What is the greatest common divisor of 59343 and 1812?
453
What is the greatest common divisor of 42 and 33978?
42
Calculate the highest common factor of 15714 and 810.
162
Calculate the highest common factor of 602 and 268646.
14
What is the highest common divisor of 600 and 191280?
120
What is the highest common factor of 40 and 182680?
40
What is the highest common divisor of 450 and 35450?
50
Calculate the greatest common factor of 480 and 82320.
240
Calculate the highest common divisor of 60244 and 12.
4
Calculate the greatest common factor of 891709 and 478.
239
What is the highest common divisor of 6804 and 25353?
81
What is the greatest common factor of 295 and 58705?
295
What is the highest common factor of 2952 and 275848?
328
What is the greatest common factor of 774 and 15867?
387
Calculate the highest common divisor of 1715792 and 16272.
1808
What is the highest common factor of 6135 and 960?
15
Calculate the highest common divisor of 45 and 320940.
45
Calculate the highest common divisor of 1400 and 2296.
56
Calculate the highest common factor of 4 and 171.
1
What is the highest common factor of 9889 and 406?
29
Calculate the greatest common divisor of 12 and 14714.
2
What is the highest common divisor of 336 and 9748536?
168
What is the greatest common factor of 220309 and 151?
151
Calculate the highest common factor of 7376085 and 855.
855
Calculate the highest common divisor of 264270 and 258.
6
Calculate the greatest common factor of 8822 and 371326.
802
What is the greatest common factor of 133 and 125748?
7
What is the greatest common divisor of 12 and 275754?
6
Calculate the highest common factor of 955 and 1005.
5
Calculate the highest common factor of 959 and 49.
7
Calculate the greatest common divisor of 205758 and 3864.
966
What is the greatest common factor of 1731 and 2889?
3
What is the greatest common divisor of 24 and 9972?
12
What is the highest common factor of 101680 and 47120?
2480
What is the highest common factor of 213132 and 24?
12
What is the greatest common divisor of 3901 and 1826?
83
Calculate the highest common factor of 69814 and 268.
134
Calculate the greatest common divisor of 5184 and 3461616.
1296
Calculate the greatest common factor of 390 and 22425.
195
What is the highest common divisor of 2587 and 5603?
13
Calculate the highest common divisor of 80 and 74580.
20
Calculate the greatest common divisor of 813 and 384.
3
Calculate the highest common divisor of 1627626 and 154.
154
What is the greatest common divisor of 85 and 901?
17
Calculate the greatest common divisor of 2356 and 88673.
19
What is the greatest common factor of 1878 and 1266?
6
What is the highest common factor of 245 and 15306620?
245
Calculate the greatest common factor of 16632 and 20.
4
What is the highest common factor of 557362 and 1352?
338
What is the greatest common factor of 19 and 1877333?
19
What is the greatest common factor of 10272528 and 2016?
1008
What is the highest common factor of 12 and 9294?
6
Calculate the greatest common divisor of 128518 and 182.
26
What is the greatest common divisor of 502075 and 385?
35
What is the greatest common factor of 3024 and 390852?
756
Calculate the highest common factor of 85482 and 108.
54
Calculate the highest common factor of 168 and 6312.
24
What is the highest common factor of 779 and 273068?
19
What is the highest common factor of 52 and 369057?
13
Calculate the highest common factor of 1296 and 261468.
324
What is the highest common factor of 26180 and 25466?
238
What is the greatest common factor of 132 and 192401?
11
Calculate the greatest common factor of 700 and 770700.
700
Calculate the greatest common factor of 142755 and 5.
5
Calculate the highest common factor of 252 and 1953.
63
Calculate the greatest common factor of 2366 and 1898.
26
Calculate the highest common factor of 125719 and 484.
121
Calculate the highest common divisor of 73254 and 87147.
1263
Calculate the highest common factor of 254411 and 47.
47
What is the highest common divisor of 356 and 2759?
89
What is the highest common divisor of 4512 and 2244?
12
Calculate the highest common factor of 55 and 56320.
55
Calculate the greatest common factor of 158508 and 272.
68
What is the greatest common divisor of 462285 and 9?
9
Calculate the highest common factor of 28337 and 13.
1
Calculate the highest common factor of 106 and 74306.
106
What is the highest common factor of 80 and 29095?
5
What is the greatest common divisor of 1159 and 533689?
61
Calculate the highest common factor of 63 and 15029.
7
What is the highest common divisor of 86760 and 855?
45
Calculate the highest common factor of 2655 and 599499.
531
What is the highest common divisor of 10 and 65960?
10
What is the highest common divisor of 8809 and 1149?
383
What is the greatest common factor of 522 and 7422?
6
What is the greatest common divisor of 276 and 2967?
69
What is the greatest common factor of 651 and 66?
3
What is the greatest common factor of 3316200 and 20?
20
Calculate the highest common factor of 31534 and 10.
2
What is the greatest common factor of 766917 and 9?
9
Calculate the greatest common factor of 36 and 156972.
12
What is the highest common divisor of 12765 and 11211?
111
Calculate the greatest common divisor of 36112 and 222.
74
What is the highest common divisor of 3828300 and 600?
300
Calculate the highest common divisor of 20050 and 550.
50
What is the greatest common divisor of 223720 and 21080?
680
What is the greatest common divisor of 1050 and 402?
6
What is the greatest common divisor of 36285 and 173460?
885
What is the greatest common factor of 2112 and 34617?
33
Calculate the highest common divisor of 41097 and 1596.
399
What is the greatest common divisor of 21 and 27515481?
21
What is the highest common factor of 125 and 8056375?
125
Calculate the greatest common divisor of 746213 and 65.
13
Calculate the greatest common factor of 75789 and 38496.
1203
Calculate the highest common factor of 260420 and 20.
20
What is the highest common divisor of 40 and 7888?
8
What is the highest common divisor of 167 and 532229?
167
Calculate the greatest common factor of 24 and 133368.
24
What is the greatest common factor of 68648 and 4?
4
What is the greatest common divisor of 900343 and 269?
269
Calculate the highest common divisor of 567 and 1827.
63
Calculate the highest common divisor of 13949 and 116.
29
Calculate the highest common factor of 68020 and 2.
2
Calculate the greatest common divisor of 333642 and 204.
102
What is the greatest common divisor of 110062 and 9253?
487
What is the highest common factor of 1383 and 29427474?
1383
Calculate the highest common divisor of 72 and 25551.
9
Calculate the greatest common divisor of 472 and 2904.
8
Calculate the highest common divisor of 6860 and 84.
28
What is the greatest common factor of 451 and 247148?
451
Calculate the highest common divisor of 635328 and 960.
192
What is the highest common factor of 588 and 1727348?
196
What is the highest common factor of 29370 and 9570?
330
Calculate the greatest common factor of 992 and 80445.
31
Calculate the highest common factor of 441 and 37095156.
441
What is the highest common factor of 2925 and 36?
9
What is the greatest common divisor of 114 and 2007806?
38
What is the greatest common divisor of 54 and 48186?
18
What is the highest common factor of 459726 and 6?
6
Calculate the greatest common factor of 448 and 174112.
32
What is the greatest common divisor of 632 and 685562?
158
Calculate the highest common divisor of 8450 and 700.
50
Calculate the highest common divisor of 14 and 219394.
14
Calculate the highest common divisor of 134 and 2114.
2
What is the highest common fa